
-49
Let h(x) = 1018*x + 7609. Determine h(-9).
-1553
Let p(t) = 27*t**2 + 1679*t + 8060. Calculate p(-5).
340
Let v(o) = -8714*o + 4400580. Determine v(505).
10
Let p(w) = w**3 + 6*w**2 + 3835*w - 11586. Give p(3).
0
Let v(f) = -6*f**2 + 1451*f - 8743. Determine v(6).
-253
Let j(x) = 21*x**2 + 1905*x - 26518. Calculate j(-103).
56
Let h(w) = -23*w**3 - 31*w**2 + 216*w - 221. Give h(5).
-2791
Let l(v) = -56*v**2 - 66*v + 13276. What is l(-16)?
-4
Let y(p) = 37*p**2 - 38111*p - 76224. Determine y(-2).
146
Let i(p) = -6*p**2 - 223*p - 650. What is i(-34)?
-4
Let m(r) = 134*r + 4272. Determine m(-28).
520
Let t(r) = -34036*r - 2314442. Determine t(-68).
6
Let j(t) = -t**2 + 530*t - 64296. What is j(188)?
0
Let b(x) = 3*x**2 - 1499*x + 174501. Determine b(315).
-9
Let k(o) = -6*o**3 + 132*o**2 - 646*o + 137. Determine k(7).
25
Let i(c) = -299*c**3 - 269*c**2 + 27*c - 2. What is i(-1)?
1
Let r(k) = -51*k**3 - 28*k**2 + 9*k + 36. Determine r(-2).
314
Let o(c) = -32*c**3 + 759*c**2 + 2841*c - 160. Determine o(27).
2
Let i(q) = 7693*q + 48724. Calculate i(-7).
-5127
Let v(k) = -4*k**3 - 100*k**2 + 107*k + 31. Determine v(-26).
-47
Let r(i) = -70*i**2 + 5534*i - 257. Determine r(79).
59
Let u(h) = -40171*h + 843590. Give u(21).
-1
Let b(i) = 146*i + 3194. Determine b(-31).
-1332
Let x(w) = 4*w**3 - 94*w**2 + 417*w - 271. Determine x(5).
-36
Let v(m) = 19626*m - 2001860. What is v(102)?
-8
Let s(v) = -v**3 - 10*v**2 + 4212*v + 574. Give s(-70).
-266
Let h(p) = -1013*p + 678. Give h(2).
-1348
Let o(j) = -2*j**3 - 87*j**2 + 228*j - 188. Give o(-46).
-96
Let w(h) = 28*h**2 + 294*h - 154. Calculate w(-11).
0
Let b(z) = -3*z**3 + 206*z**2 - 562*z + 2261. What is b(66)?
17
Let z(l) = -33*l**3 - 11*l**2 - 445*l - 1946. Determine z(-5).
4129
Let p(h) = h**3 + 26*h**2 - 118*h - 1020. Calculate p(-31).
-2167
Let h(m) = -2*m**2 + 89*m + 495. Calculate h(-5).
0
Let m(s) = -287337*s + 14079522. Calculate m(49).
9
Let m(d) = -8106*d - 32117. Give m(-4).
307
Let r(s) = 2010*s + 22059. Determine r(-11).
-51
Let a(z) = -15*z**2 + 27*z + 134. What is a(4)?
2
Let r(l) = l**3 - 459*l**2 - 57867*l - 10685. Give r(562).
-7
Let h(z) = -1396*z**2 + 15*z + 3. Give h(1).
-1378
Let k(h) = 15267*h - 61061. Calculate k(4).
7
Let o(r) = 11512*r + 391692. Give o(-34).
284
Let b(l) = -6*l**2 + 1327*l + 1435. Calculate b(222).
325
Let q(z) = -328*z - 4611. Give q(-14).
-19
Let z(h) = -24*h**3 - 9*h**2 + 12*h + 58. What is z(-2)?
190
Let l(s) = 24*s**2 + 9831*s - 3703. What is l(-410)?
-13
Let g(p) = -10784*p + 1358778. Calculate g(126).
-6
Let g(c) = -c**2 + 125*c - 199. Determine g(105).
1901
Let a(r) = -r**2 - 451*r - 48954. What is a(-196)?
1026
Let k(i) = -6*i**2 - 2407*i - 28009. Give k(-12).
11
Let y(q) = -10*q**2 - 123*q + 657. What is y(5)?
-208
Let g(r) = -19*r**2 + 4049*r - 53331. Calculate g(199).
1
Let j(h) = -h**2 - 2087*h + 29077. What is j(14)?
-337
Let z(k) = -k**3 + 20*k**2 + 99*k + 69. Give z(24).
141
Let f(h) = -3*h**2 + 432*h + 418. Calculate f(145).
-17
Let s(p) = p**3 + 34*p**2 - 395*p + 318. Calculate s(-43).
662
Let b(s) = -11671*s - 1645612. Calculate b(-141).
-1
Let i(a) = 2*a**2 + 32*a + 627. What is i(-19)?
741
Let o(q) = 3*q**3 + 423*q**2 - 23725*q + 2022. Give o(-184).
-2
Let v(a) = -a**3 - 10*a**2 + 83*a - 153. Give v(7).
-405
Let q(d) = -121*d**2 + 42113*d - 1777. Determine q(348).
-37
Let t(p) = p**2 - 365*p - 11131. Give t(-28).
-127
Let v(c) = 8*c**3 + 728*c**2 - 882*c - 80319. What is v(-91)?
-57
Let s(x) = -5*x**2 + 1826*x + 36107. Calculate s(384).
11
Let x(c) = 9*c**2 - 1572*c - 2075. Give x(176).
37
Let b(u) = -4*u**2 - 603*u + 30540. What is b(40)?
20
Let g(d) = 3*d**3 - 115*d**2 + 215*d + 1333. Determine g(36).
1
Let v(n) = -112*n**2 + 3202*n + 1422. What is v(29)?
88
Let n(v) = 3*v**3 + 10*v**2 + 54*v - 240. Give n(7).
1657
Let n(k) = k**2 + 8121*k - 89443. Give n(11).
9
Let p(f) = 4155*f + 15926. Determine p(-3).
3461
Let o(z) = -64*z**2 - 416*z - 54. Determine o(-9).
-1494
Let j(p) = -36837*p - 1657677. What is j(-45)?
-12
Let p(o) = -5*o**2 - 85853*o + 85853. Calculate p(1).
-5
Let y(n) = -1144*n + 2143. What is y(2)?
-145
Let u(b) = 17*b**2 + 3361*b - 1001. Determine u(-198).
-11
Let y(z) = 3*z**2 - 43*z - 497. Calculate y(-10).
233
Let v(g) = 690*g + 161383. Give v(-234).
-77
Let y(k) = 437*k - 21025. Calculate y(48).
-49
Let j(w) = -5*w**3 + 4*w**2 + 1515*w - 6074. Calculate j(4).
-270
Let q(b) = -40*b**2 + 5*b - 217. Determine q(-4).
-877
Let m(q) = -40*q + 2005. What is m(52)?
-75
Let z(x) = -48*x - 399. Determine z(12).
-975
Let o(r) = -r**2 - 12042*r - 1525000. Give o(-128).
-8
Let l(m) = 222*m - 7746. Calculate l(34).
-198
Let b(l) = -l**3 - 920*l**2 + 20730*l - 211. Calculate b(22).
-79
Let f(h) = -9147*h - 393107. What is f(-43)?
214
Let v(b) = -8*b**2 + 448*b - 226. Determine v(55).
214
Let j(c) = -7594*c - 1108797. Determine j(-146).
-73
Let f(z) = 16620*z - 2210446. Determine f(133).
14
Let h(k) = -k**3 - 13*k**2 + 32*k + 200. Give h(-13).
-216
Let s(j) = j**2 + 1586*j + 20375. Give s(-13).
-74
Let l(i) = -4*i**3 - 69*i**2 + 19*i + 44. Calculate l(-18).
674
Let o(j) = j**2 + 301*j - 5870. Give o(18).
-128
Let z(c) = 2*c**3 - 69*c**2 - 144*c - 940. Give z(39).
7133
Let c(s) = 6105*s + 115076. What is c(-19)?
-919
Let u(o) = -1632*o + 55476. What is u(34)?
-12
Let l(q) = 2*q**3 - 296*q**2 + 648*q - 52026. Calculate l(147).
12
Let l(z) = 712831*z - 17107939. What is l(24)?
5
Let t(z) = z**3 - 163*z**2 + 938*z + 1363. Calculate t(157).
735
Let p(i) = -12*i**3 - 85*i**2 - 44*i - 259. What is p(-7)?
0
Let l(m) = 80*m**3 + 960*m**2 - 3*m + 10. Calculate l(-12).
46
Let q(r) = -47*r**2 - 65*r - 6. Calculate q(-3).
-234
Let y(b) = -50*b**2 - 12768*b - 12738. Determine y(-1).
-20
Let p(u) = 26870*u + 295794. Give p(-11).
224
Let n(k) = -k**2 - 6667*k + 100046. Calculate n(15).
-184
Let n(h) = 21*h**2 + 333*h - 3061. Determine n(6).
-307
Let p(h) = -2*h**3 - 623*h**2 - 46974*h + 267. Calculate p(-128).
11
Let x(b) = -231227*b - 2081056. Calculate x(-9).
-13
Let t(b) = 3378*b - 2324059. What is t(688)?
5
Let b(v) = -6*v**3 + 14*v**2 - 294*v + 744. Calculate b(8).
-3784
Let n(s) = -285*s**2 - 1459*s + 102. Calculate n(-5).
272
Let x(q) = 42*q**2 + 1308*q + 223. Give x(-31).
37
Let s(b) = b**3 - 30*b**2 + 1834*b - 1. Calculate s(0).
-1
Let r(p) = 140323*p + 1122611. What is r(-8)?
27
Let z(v) = v**3 + 22*v**2 - 494*v - 9873. Determine z(-21).
942
Let n(x) = -922*x + 29480. Determine n(32).
-24
Let b(l) = 1460*l + 144973. What is b(-99)?
433
Let f(t) = -1824*t + 78847. Determine f(44).
-1409
Let g(o) = -o**3 + 139*o**2 - 1138*o + 11847. What is g(131)?
57
Let k(h) = -h**3 + 112*h + 358. What is k(-4)?
-26
Let l(p) = -43852*p + 438542. Give l(10).
22
Let c(f) = -101*f**2 - 634*f - 126. Determine c(0).
-126
Let l(n) = 69*n**2 + 22873*n + 156733. Give l(-7).
3
Let i(t) = 9214*t + 64022. Give i(-7).
-476
Let a(b) = -246*b**2 + 15633*b + 7115. Calculate a(64).
11
Let t(s) = -s**2 + 768*s + 20069. What is t(-26)?
-575
Let p(m) = m**3 - 128*m**2 + 261*m - 305. Calculate p(126).
829
Let a(n) = 16*n**2 + 619*n + 9564. Determine a(-15).
3879
Let v(b) = 5*b**3 + 232*b**2 - 2*b - 4039. Give v(-46).
285
Let f(d) = 25858*d - 51757. Give f(2).
-41
Let z(d) = -836874*d + 34311840. What is z(41)?
6
Let n(w) = -842*w + 16107. Calculate n(19).
109
Let z(p) = 2832*p**2 + p + 61. Give z(0).
61
Let d(n) = 458*n + 11241. Give d(-29).
-2041
Let o(s) = -23*s**3 + 23*s**2 + 1013*s - 25. What is o(7)?
304
Let x(d) = 72*d**2 - 142*d - 18321. Determine x(-15).
9
Let y(t) = 62855*t - 62861. Give y(1).
-6
Let g(z) = -3*z**3 - 121*z**2 - 27*z + 508. Give g(-40).
-12
Let g(x) = 32*x**2 - 2235*x - 304. Calculate g(70).
46
Let r(g) = -92031*g - 368762. What is r(-4)?
-638
Let y(a) = -2*a**2 - 970*a - 26604. Give y(-29).
-156
Let r(y) = 54*y**3 + 18*y**2 + 36*y + 7. Give r(-2).
-425
Let q(y) = -5*y**2 - 272*y - 552. Give q(-56).
-1000
Let o(h) = -h**3 + 57*h**2 - 799*h - 17. Determine o(26).
165
Let b(w) = 566*w - 140990. What is b(249)?
-56
Let p(d) = -396*d - 74763. What is p(-188)?
-315
Let n(i) = -13*i**2 + 223*i + 4887. Determine n(-12).
339
Let q(u) = -324327*u + 2918939. Determine q(9).
-4
Let j(a) = 759*a + 7754. Give j(-10).
164
Let b(w) = 3*w**2 - 74*w + 638. Give